).
-23
Let y = 4 + -10. Let l = y + 14. Let v(k) = k**3 - 9*k**2 + 10*k - 11. What is v(l)?
5
Let v be ((-5)/(-3) + -3)*(-3)/(-2). Let n(u) = 3*u + u**2 + 0*u**2 - 2 - 2*u. What is n(v)?
0
Let f(g) = 4*g**3 + 2*g**2 - 13*g - 10. Let x(m) = -m**3 - m**2 + 4*m + 3. Let r(b) = -2*f(b) - 7*x(b). What is r(2)?
-1
Suppose -3 = -o - 2. Let w be -1 + (o - 4 - 2). Let h(g) = -g**3 - 5*g**2 + 7*g + 7. Let t be h(w). Let j(f) = -6*f**2 + f - 1. Calculate j(t).
-6
Let f(b) = 2*b**2 - 17*b + 11. Let m(v) = -v**2 + 8*v - 5. Let s(k) = 6*f(k) + 13*m(k). Let j = -70 + 69. Calculate s(j).
-2
Let h(d) be the second derivative of d**4/12 - 3*d**3/2 + 2*d**2 + 5*d - 5. Let q(w) = -w**3 - 4*w**2 + 5*w + 6. Let g be q(-5). Determine h(g).
-14
Suppose -4*g + 3*z + 8 = -3*g, 0 = -4*g + 2*z - 8. Let a(v) be the third derivative of v**4/12 + v**3/2 - v**2 - 286*v. Determine a(g).
-5
Let q(u) be the first derivative of -u**5/20 + u**4/12 - u**3/6 - u**2/2 - 8. Let l(j) be the second derivative of q(j). Calculate l(2).
-9
Suppose 5*y = -3*t + 9, y + 5*t = 3*y - 16. Let h(w) = 10*w - 8. Let m(g) = g**2 - 2. Let x be m(2). Let u(z) = z - 1. Let d(q) = x*h(q) - 18*u(q). Give d(y).
8
Let v(x) = 3*x - 2. Let j(q) = -q + 1. Let h(l) = -4*j(l) - v(l). Suppose -2*s = -3 + 11. Let a(p) = -p**3 - 4*p**2 - p + 4. Let z be a(s). Determine h(z).
6
Let i(t) = -10*t**3 + 27*t**2 - 41*t + 9. Let g(f) = 7*f**3 - 18*f**2 + 28*f - 6. Let k(v) = -7*g(v) - 5*i(v). Determine k(8).
5
Let p(z) = z - 15 + 17 - 8. Let i(k) = 2*k**3 - k**2 - 3*k + 1. Let a be i(2). Let g = a + -7. Give p(g).
-6
Suppose 71*d + 133 = -719. Let g(z) = -2*z - 13. Calculate g(d).
11
Let b(o) = -o**3 + 5*o**2 + 2*o - 14. Suppose 0 = -r - 4, 0*i + 2*r - 7 = -3*i. Let f be b(i). Let v(w) = w**3 + 2*w**2 - 4*w - 2. What is v(f)?
-18
Let l(c) = -c**3 - 10*c**2 + 4*c - 9. Suppose 0 = 4*a - 4*v + 48, -a + 12*v = 13*v + 8. Calculate l(a).
-49
Let c(s) = s**3 + s**2 + 1. Let y be 12/(-8)*-6 + (-1)/(-1). Suppose 11*k = -32 + y. Calculate c(k).
-3
Let z(m) = m + 9. Let y be z(-6). Let q(f) = f + 3. Calculate q(y).
6
Let t(n) be the third derivative of 0 + 0*n + 2*n**2 + 1/2*n**3 + 1/24*n**4. Give t(-8).
-5
Let v(j) be the first derivative of 6*j + 1/3*j**3 - 4*j**2 + 6. Give v(6).
-6
Let s(o) = -5 + 3*o - 2*o**2 + 1 + 14. Let a = -299 - -306. Let h(u) = u**2 - 2*u - 5. Let r(x) = a*h(x) + 3*s(x). What is r(5)?
-5
Let q = 28 - 28. Suppose 3*o + q*o = o. Let t(j) = -5 - 5 + 4 + j. Determine t(o).
-6
Suppose 4*i - 18 = 2*i. Suppose 3*g - i = -0. Let b(u) be the second derivative of u**4/6 - u**3/3 - 2*u**2 + 21*u. Calculate b(g).
8
Let o(h) = -61*h - 1 + 60*h + 0. What is o(3)?
-4
Let x(z) = 6*z**2 - 3*z + 3. Let v be x(1). Let p(o) = o**2 - 8*o + 1. What is p(v)?
-11
Let n(j) be the third derivative of j**6/120 + j**5/120 - 3*j**4/8 + 28*j**2. Let c(a) be the second derivative of n(a). Calculate c(2).
13
Let v(s) = 36*s**2 - 16*s - 16. Let n(d) = -7*d**2 + 3*d + 3. Let a(t) = -11*n(t) - 2*v(t). Determine a(1).
3
Let m(s) = s + 7. Let x(o) = -o**3 - 8*o**2 - 7*o - 5. Let y be x(-7). Calculate m(y).
2
Let p(q) = -4*q - 2*q - 1 + 2. Let c(t) = 14*t + 225. Let i be c(-16). What is p(i)?
-5
Let m(d) = -1 + 1 + d + 3. Let n(l) be the third derivative of l**6/60 + l**5/30 + l**4/24 + 2*l**3/3 + 10*l**2. Let a be n(-2). Determine m(a).
-3
Let d(v) be the third derivative of v**4/12 - v**3/6 + 82*v**2 + 1. Calculate d(-6).
-13
Let o(z) = -z**3 + 2*z**2 + 3*z + 2. Let q(h) = h**3 - h - 1. Let a(d) = o(d) + 3*q(d). Let p = 90 + -92. What is a(p)?
-9
Let n(z) = -z**3 + 8*z**2 + 8*z. Let g = 396 + -387. Give n(g).
-9
Let o(p) be the second derivative of p**5/4 + p**4/6 + 73*p. Give o(1).
7
Suppose 0 = -k - 204 + 205. Let z(n) = 3*n**2 - n + 1. Determine z(k).
3
Suppose 0 = -s - 3, -5*s = 2*z + 25 - 0. Let b(y) = -y**2 + 4*y + 54 - 117 + 56 + 2*y**2. What is b(z)?
-2
Let b(p) = -59 + 116 - 4*p - 56. Determine b(-4).
17
Let p(r) = -2*r + 2. Let c(a) = -a**2 + 9*a - 26. Let b = -54 - -59. Let k be c(b). What is p(k)?
14
Let s(p) = -4*p + 0*p**2 + 0 + p**2 - 4. Let f = -6 + 7. Suppose -y - 2 = -f, 2*o + 5*y = 5. Calculate s(o).
1
Let p(b) = -b**3 + 4*b**2 - b + 4. Let w(j) = 3*j - 2. Suppose 4*h - 15 = 3*t, 2*h - 10 = 5*h + 2*t. Let c = h - -2. Let v be w(c). Determine p(v).
0
Let v(u) = -3*u + 3*u - 19 + 2*u + 14. Give v(8).
11
Suppose 9 = 3*m - 0*m. Let d = 211 + -213. Let f be (m/3 + d)*-1. Let n(w) = -w**2. Give n(f).
-1
Suppose 4*f + 12 = 4*d, 4*f = 5*d - 13 - 5. Suppose -k = -d*k - 4*h - 27, 21 = -2*k - 5*h. Let q(o) = -2*o. Give q(k).
6
Let r(l) = -18*l - 45. Let y(c) = 8*c + 20. Let p(u) = 3*r(u) + 7*y(u). Give p(-4).
-3
Let w(d) = 15*d + 8. Let z(b) = -7*b - 4. Suppose -29 = -3*r - 2*m, -5*m = -2*r + 7 + 6. Let y(q) = r*z(q) + 4*w(q). Calculate y(-3).
5
Let h(u) = -17*u**2 + 7*u + 2. Let t be h(1). Let j(y) = -2*y - 10. Calculate j(t).
6
Let k(z) = -z**3 + 6*z**2 - 8. Let m(x) = x**2 + 10*x + 8. Let q be m(-8). Let r be (0/2)/(5 + q). Let v be (2 + r)/((-3)/(-9)). Calculate k(v).
-8
Let u(f) = -52*f + 1 + 15*f + 17*f + 25*f. Determine u(-7).
-34
Let o(v) be the second derivative of v**7/2520 + v**6/360 - v**5/120 - 11*v**4/12 - 11*v. Let f(u) be the third derivative of o(u). What is f(-4)?
7
Suppose 0 = -4*n + 103 + 21. Let r = n + -37. Let h(j) = j**3 + 6*j**2 + j - 5. What is h(r)?
-11
Let w(o) = -o**3 - 5*o**2 - 2*o. Let u(h) = -2*h**3 - 5*h**2 - 5*h. Let p(x) = -2*u(x) + 3*w(x). Let i be -1*(-19 - 2*-1). Suppose -i - 3 = -5*y. What is p(y)?
0
Let r = 185 + -195. Let t(d) = 3*d + 1. Calculate t(r).
-29
Let u be 116/36 - (-8)/(-36). Suppose o - u - 2 = 0. Suppose 4*q + 31 = -2*c + 9, 4*c + o*q = -38. Let z(s) = s**3 + 6*s**2 - 8*s + 3. What is z(c)?
10
Let u(z) = z**3 + 7*z**2 - 1. Let a = 384 + -391. Calculate u(a).
-1
Let s(a) = 3*a - 6. Suppose 28 = 6*w - 4*w. Let m be 8/w - (-48)/14. Give s(m).
6
Let p(u) = 15*u**2 + 35*u - 9. Let c(t) = -7*t**2 - 17*t + 5. Let z(q) = -13*c(q) - 6*p(q). Give z(-11).
-11
Let o(k) = -25*k - 24*k + 101*k + 5 + k**2 - 20*k - 28*k. Calculate o(-5).
10
Let h(u) = -u**3 - u**2 + 3*u + 1. Let b be h(-3). Suppose b*q - 7*q + 5*i = 32, q - 16 = -3*i. Let x(l) = l**2 - 6*l + 4. What is x(q)?
-4
Let j(f) = -f - 3. Let z be (-6 - (-20)/4)*11. Determine j(z).
8
Let f(k) be the second derivative of -k**5/120 - k**3/2 - k. Let i(r) be the second derivative of f(r). Let m be 11/(-2) + 13 + 27/(-2). Calculate i(m).
6
Let j(d) be the third derivative of -3*d**2 + 0*d + 1/3*d**4 + 0 - 1/6*d**3. Determine j(-1).
-9
Let k(t) be the first derivative of -1/2*t**2 - 7 + 1/3*t**3 + 0*t. Determine k(2).
2
Let n(q) = q**3 + q. Let v(i) = -7*i**3 - 4*i**2 - i - 7. Suppose -5*s - 21 = -4*s + 4*h, -3*s + 17 = -4*h. Let z(a) = s*v(a) - 6*n(a). What is z(-5)?
7
Let j(v) = 3*v**3 + 2*v**3 - 59*v**2 - 7*v - 9*v**3 + 57*v**2 - 6. What is j(-1)?
3
Let z(w) = 2*w - 7. Suppose -111*m = -106*m + 25. Calculate z(m).
-17
Let p be (18/(-15))/(2/(-10)). Let g(y) be the first derivative of -y**2 + 1/4*y**4 + 8*y - 2*y**3 + 8. Calculate g(p).
-4
Let w(a) be the second derivative of 3/2*a**2 + 0 + 1/6*a**3 + 12*a. Calculate w(-3).
0
Let y = -609 - -611. Let p(m) be the second derivative of -1/12*m**4 + 0*m**3 - 1/20*m**5 - 1/2*m**y + 3*m + 0. Determine p(-1).
-1
Let j be (4/1)/(-2) + 4. Suppose -5*i = -j*v - 103, -5*i + v + 4*v = -100. Let n(s) = i*s**2 + 23*s**2 - 2 - 40*s**2. Give n(-2).
14
Let a(q) = -27*q**2 - 1. Suppose 7*w - 6*w - 1 = 3*k, 0 = -2*k. Determine a(w).
-28
Let o(f) be the second derivative of -f**8/6720 + f**7/420 - f**6/120 - f**5/120 + f**4 + 41*f. Let d(z) be the third derivative of o(z). Give d(5).
-6
Let w be (-1)/((-3)/9 + 0). Let k(t) = t**w - 3*t**2 + 6*t**2 - 6 + 3. Let l be (6/5)/(-10 + (-480)/(-50)). Calculate k(l).
-3
Let d(l) = l - 23. Let s(a) = -13*a + 109. Let u be s(7). What is d(u)?
-5
Let c(f) = -15*f - 837. Let l be c(-56). Let o(s) be the third derivative of s**6/120 - s**5/30 + s**3/3 - s**2. Determine o(l).
11
Let t(h) = h - 2. Let r = -21 - -112. Let v = r - 94. Give t(v).
-5
Let d(a) = -3*a**2 + 2*a - 2. Let n = 109 + -110. Let r(b) = -5*b - 3. Let p(x) = 24*x + 14. Let z(o) = -3*p(o) - 14*r(o). Let l be z(n). What is d(l)?
-10
Let z be (20/5 - 0) + -7. Let h = z - 1. Let m(x) = -x - 9. Let w be m(